{"id":6,"date":"2017-10-03T15:40:40","date_gmt":"2017-10-03T18:40:40","guid":{"rendered":"http:\/\/www.ibdp.org.br\/site\/?page_id=6"},"modified":"2018-06-25T16:29:28","modified_gmt":"2018-06-25T19:29:28","slug":"sobre-o-instituto","status":"publish","type":"page","link":"https:\/\/backup.ibdp.org.br\/?page_id=6","title":{"rendered":"Sobre o Instituto"},"content":{"rendered":"<p>O Instituto Brasileiro de Direito Previdenci\u00e1rio (IBDP) \u00e9 uma associa\u00e7\u00e3o civil de cunho cient\u00edfico-jur\u00eddico e de finalidade sociocultural, sem fins lucrativos, apartid\u00e1ria, regida pelas disposi\u00e7\u00f5es do C\u00f3digo Civil Brasileiro e pelo seu Estatuto, constitu\u00edda por prazo indeterminado, com atua\u00e7\u00e3o em todo territ\u00f3rio brasileiro.<\/p>\n<p><img fetchpriority=\"high\" decoding=\"async\" class=\"alignnone size-medium wp-image-143\" src=\"http:\/\/www.ibdp.org.br\/site\/wp-content\/uploads\/2017\/10\/sobre_o_instituto-700x263.jpg\" alt=\"\" width=\"700\" height=\"263\" srcset=\"https:\/\/backup.ibdp.org.br\/site\/wp-content\/uploads\/2017\/10\/sobre_o_instituto-700x263.jpg 700w, https:\/\/backup.ibdp.org.br\/site\/wp-content\/uploads\/2017\/10\/sobre_o_instituto.jpg 729w\" sizes=\"(max-width: 700px) 100vw, 700px\" \/><\/p>\n","protected":false},"excerpt":{"rendered":"<p>O Instituto Brasileiro de Direito Previdenci\u00e1rio (IBDP) \u00e9 uma associa\u00e7\u00e3o civil de cunho cient\u00edfico-jur\u00eddico e de finalidade sociocultural, sem fins lucrativos, apartid\u00e1ria, regida pelas disposi\u00e7\u00f5es do C\u00f3digo Civil Brasileiro e [&#8230;]<\/p>\n","protected":false},"author":1,"featured_media":0,"parent":2,"menu_order":0,"comment_status":"closed","ping_status":"closed","template":"","meta":{"footnotes":""},"class_list":["post-6","page","type-page","status-publish","hentry"],"aioseo_notices":[],"_links":{"self":[{"href":"https:\/\/backup.ibdp.org.br\/index.php?rest_route=\/wp\/v2\/pages\/6","targetHints":{"allow":["GET"]}}],"collection":[{"href":"https:\/\/backup.ibdp.org.br\/index.php?rest_route=\/wp\/v2\/pages"}],"about":[{"href":"https:\/\/backup.ibdp.org.br\/index.php?rest_route=\/wp\/v2\/types\/page"}],"author":[{"embeddable":true,"href":"https:\/\/backup.ibdp.org.br\/index.php?rest_route=\/wp\/v2\/users\/1"}],"replies":[{"embeddable":true,"href":"https:\/\/backup.ibdp.org.br\/index.php?rest_route=%2Fwp%2Fv2%2Fcomments&post=6"}],"version-history":[{"count":0,"href":"https:\/\/backup.ibdp.org.br\/index.php?rest_route=\/wp\/v2\/pages\/6\/revisions"}],"up":[{"embeddable":true,"href":"https:\/\/backup.ibdp.org.br\/index.php?rest_route=\/wp\/v2\/pages\/2"}],"wp:attachment":[{"href":"https:\/\/backup.ibdp.org.br\/index.php?rest_route=%2Fwp%2Fv2%2Fmedia&parent=6"}],"curies":[{"name":"wp","href":"https:\/\/api.w.org\/{rel}","templated":true}]}}